 0 = -2*j - o + 88, t*o = 5*j - 2*j - 106. What is the remainder when 165 is divided by j?
39
Let y = 180 + -147. Let r = -19 + y. What is the remainder when 137 is divided by r?
11
Let c = -41 + 78. Let h be ((-1)/3)/(19/(-513)). What is the remainder when c is divided by 6/h + (-232)/(-12)?
17
Let g(u) = -13*u + 39. What is the remainder when g(2) is divided by 8?
5
Suppose -3*r = 15, 5*b + 5*r = 2*r + 10. Suppose 246 - 61 = b*s. What is the remainder when s is divided by 8?
5
Let p be -2*4/2 - 18/(-2). What is the remainder when 5 + -10 + p - (-112 - -1) is divided by 16?
15
Let g(p) = -p**3 + 32*p**2 + 34*p + 24. Calculate the remainder when g(33) is divided by 15.
12
Let r(p) = -6*p - 109. What is the remainder when r(-20) is divided by 10?
1
Suppose -2*q + 0 = -20. Let l(t) = -t**3 - 17*t**2 - 18*t - 34. Let v be l(-16). Let f = 6 + v. Calculate the remainder when q is divided by f.
2
Let b = 413 - 367. What is the remainder when 86 is divided by b?
40
Suppose -4*w + 179 = n, 5*n - 3 = 12. Suppose 3*b - w = -2. What is the remainder when ((-4641)/204)/((-7)/12) is divided by b?
11
Let i = 4 + 4. Calculate the remainder when 35 is divided by i.
3
Let v = -307 + 334. Calculate the remainder when 102 is divided by v.
21
Let n(x) = 8*x**2 + 4*x + 3. Let z be n(-2). Let u = z + -46. Let o = u - -35. Calculate the remainder when 62 is divided by o.
14
Suppose 0 = 3*x - h + 21 - 108, -h = -5*x + 145. Let b = 10 + -1. Suppose 0 = -3*g + b + 15. Calculate the remainder when x is divided by g.
5
Suppose -15*b = -477 - 63. Calculate the remainder when b is divided by 8.
4
Let c = 4 - 8. Let r = -113 + 165. What is the remainder when r is divided by (-928)/(-52) + c/(-26)?
16
Let y = -8 + 13. Let q be ((-15)/(-3))/(y/15). Suppose 0 = -0*j + 3*j + q, g - j = 27. Calculate the remainder when g is divided by 6.
4
Let b = -175 - -199. Suppose 2*z - 5*q + 22 = 5*z, 0 = -5*q + 10. Let m(k) = 2*k**3 - 3*k**2 - 2*k - 2. Calculate the remainder when m(z) is divided by b.
22
Suppose -2*h = -156 + 90. Calculate the remainder when h is divided by 9.
6
Suppose 5*s - 4 - 16 = 0. Suppose -3*q - 7*r + s*r + 9 = 0, -10 = 5*r. Suppose -x - k + q = 1, -4*x - 2*k = -10. Calculate the remainder when 1 is divided by x.
0
Let x(k) = 4*k - 4. Let a be x(-5). Let y = a + 53. What is the remainder when y is divided by 10?
9
Let a be 4/(-12)*3*(0 - 4). Suppose 5*k - 62 = 3*o, -a*o + 2*o - 63 = -5*k. Calculate the remainder when 51 is divided by k.
12
Calculate the remainder when 791 is divided by (-4)/224*-14 - 350/(-8).
43
Let h = -345 + 393. Calculate the remainder when 187 is divided by h.
43
Let z(j) = -j**3 + 5*j**2 + 16*j + 6. What is the remainder when z(-7) is divided by 11?
9
Let g(u) be the first derivative of u**4/4 - 4*u**3/3 + u**2/2 + 5*u + 5. Suppose -b + 5 + 0 = 0. Calculate the remainder when g(b) is divided by 9.
8
Let x(n) = n**2 - n + 1. Let c(y) = -3*y**2 + 4*y + 26. Let p(v) = -c(v) - 2*x(v). Calculate the remainder when p(11) is divided by 9.
8
Let d(x) = x**2 - 17*x. Calculate the remainder when 34 is divided by d(18).
16
Let t(q) = -27*q - 8. Let w(l) = -l**2 + 3*l + 7. Let v be w(5). Calculate the remainder when t(v) is divided by 15.
13
Let u = -23 - -26. Suppose 4*p - 3*h + 159 = 0, -3*p - u*h + 31 = 124. Let r = p + 69. Calculate the remainder when r is divided by 12.
9
Calculate the remainder when ((-6)/16 + (-13547)/184)/(-2) is divided by 24.
13
Let x(d) = -12*d + 9. What is the remainder when x(-8) is divided by 43?
19
Let q(a) = -163*a - 216. What is the remainder when 454 is divided by q(-2)?
14
Let o(n) = n**3 + 17*n**2 + 11*n + 116. What is the remainder when o(-15) is divided by 45?
41
Let w = -126 + 235. Suppose -w - 186 = 5*g. Let i = -37 - g. What is the remainder when 86 is divided by i?
20
Suppose 0 = -5*s + 3*j - 2, s - 2*s - 6 = -2*j. Suppose 0 = 5*w + s*v - 49 - 120, 5*w = -v + 172. What is the remainder when w is divided by 6?
5
Calculate the remainder when (16 - -6 - -5) + 3/(-3) is divided by 14.
12
Suppose 3*v = -t + 42, -5*t - 6*v = -11*v - 130. What is the remainder when t is divided by 6?
0
Let b(h) = h**2 + 5*h + 10. What is the remainder when 6/(-16) - 1875/(-200) is divided by b(-4)?
3
Let y(n) be the third derivative of n**5/60 - n**4/4 + n**3/6 - 3*n**2. Let f be y(6). Calculate the remainder when 43 is divided by (2/3 - f)*-36.
7
Let i(t) = 12*t + 2 + 2 + 4*t - t**2 + t. What is the remainder when 79 is divided by i(16)?
19
Let k = 302 - -9. Let u(m) = 37*m**2 + 2. Calculate the remainder when k is divided by u(-1).
38
Calculate the remainder when 137 is divided by 720/(-280)*(0 - 7).
11
What is the remainder when (-104)/(-65)*((-4)/4 - -61) is divided by 10?
6
Let k = -59 + 61. Suppose i + 29 = -k*o + 6*o, -5*i = -4*o + 33. Let t = -3 - -7. Calculate the remainder when o is divided by t.
3
Let c = 6 - -8. Let o(g) = -2*g**3 - 4*g**2 + 4*g - 1. Calculate the remainder when o(-4) is divided by c.
5
Let z(d) = d**2 + 11*d + 12. Calculate the remainder when z(6) is divided by 13.
10
Let w be (-1)/((-8)/(-372)) - (-2)/4. Calculate the remainder when 27 is divided by w/(-9) - (-9)/(-81).
2
Let n(k) = -k**2 + 11*k + 18. Let x be n(13). Let a(c) = c**2 + 8*c + 1. Calculate the remainder when 6 is divided by a(x).
0
Suppose -218 = 3*j - d - 70, 2*j = -5*d - 110. Let y = j + 83. Suppose -a - 2*a + y = 0. Calculate the remainder when 42 is divided by a.
9
Suppose -b - 4*b = -p + 623, -p - 2 = 0. Let s = -54 + 81. Calculate the remainder when s is divided by (-24)/(-20)*b/(-15).
7
Let w(a) = -6*a + 42. What is the remainder when w(-7) is divided by 22?
18
Let a = 23 - 14. Let q = 171 + -169. Calculate the remainder when a is divided by q.
1
Suppose z = -3*m + 582, 4*m = 3*m + 2*z + 201. Calculate the remainder when m is divided by 62.
9
Let t(a) = -4 - 2*a**2 + 3*a + 0*a**3 + 2*a**3 - 2*a**2. Suppose -46*y + 47*y = 3. Calculate the remainder when t(y) is divided by 6.
5
Let q(g) be the second derivative of -g**3/6 - 5*g**2/2 - 7*g. Let w be q(-7). Let c = w - -5. Calculate the remainder when 11 is divided by c.
4
Let t(f) = 4*f**2 + 6*f - 20. Let c be t(-11). Suppose 0 = 7*k - c + 62. Suppose -r - 17 = -2*r. What is the remainder when k is divided by r?
14
Suppose c = 3*c - 120. Let k = c + -28. What is the remainder when k is divided by 3?
2
Let w = 34 - 30. Suppose c + w*t - 112 = 0, -3*c + 103 = t - 200. What is the remainder when (-3)/(c/52 + -2) is divided by 21?
18
Let b be 9 + -1 + 4/(-2 - 2). Suppose 0 = b*o - 21 - 14. Calculate the remainder when 34 is divided by o.
4
Let i be (5 + -1 - 3) + 0. Suppose 3*k - 25 - 32 = -3*d, -22 = -d - 2*k. What is the remainder when 0/(2 - i) - -31 is divided by d?
15
Calculate the remainder when (1/(-5))/(7/(-28385)) is divided by 22.
19
Let z(r) = -13*r**3 + 2*r + 2. Suppose 0 = -3*s + 7 + 29. Let x = -13 + s. Calculate the remainder when 51 is divided by z(x).
12
Suppose 5*r = r. Suppose 832 = -0*t + 26*t. Calculate the remainder when (t + 4 - r) + 0 is divided by 8.
4
Let b be -7*-1*(5 + -2). Let r(h) = -9*h + 2. What is the remainder when r(-7) is divided by (-7 + 266/b)/(1/3)?
14
Let p(k) = k**3 + 7*k**2 + 7*k - 6. Let y be p(-8). What is the remainder when 29 - (19/7 - 36/y) is divided by 10?
6
Suppose g + 0*g + l + 123 = 0, l = 5*g + 645. Let d = 2 + -5. Calculate the remainder when (d/(-2))/((-6)/g) is divided by 11.
10
Suppose 0 = 25*a - 7728 + 4553. What is the remainder when a is divided by (-128)/(-6)*(-6)/(-4)?
31
Let g be 44 - ((-3)/1 + 3 + -3). Suppose g*t = 45*t + 46. Suppose -4*u = -j - 27, -7*u = -2*u + 3*j - 55. What is the remainder when t is divided by u?
7
Let w = -58 + 25. Let t = 52 - w. Suppose -9*g - 22 = -10*g. What is the remainder when t is divided by g?
19
Let a = 108 + 89. Calculate the remainder when a is divided by (-10)/(-20)*10*(-1 + 5).
17
Let h(f) = -16*f. Let m be h(-1). Let y = -14 + m. Suppose -l - 3 = -2*n + y*l, 4*l = 20. Calculate the remainder when n is divided by 4.
1
Let g be (0 + -4)/(-6 + 596/100). Let u = 5 + -3. Suppose -2*b + g = u*b. Calculate the remainder when b is divided by 9.
7
Suppose 2*q - 11 - 11 = 0. Let a(c) = c**3 + 4*c**2 - 72*c - 5. What is the remainder when a(7) is divided by q?
8
Let h(z) be the first derivative o